{"id":1347,"date":"2019-12-16T16:29:29","date_gmt":"2019-12-16T15:29:29","guid":{"rendered":"https:\/\/www.thomisteiger.ch\/?page_id=1347"},"modified":"2021-08-08T23:24:53","modified_gmt":"2021-08-08T21:24:53","slug":"ds-heidi-und-sini-giele","status":"publish","type":"page","link":"https:\/\/www.thomisteiger.ch\/index.php\/fr\/ds-heidi-und-sini-giele\/","title":{"rendered":"Ds Heidi und sini Giele"},"content":{"rendered":"<p>[et_pb_section fb_built=&#8221;1&#8243; _builder_version=&#8221;4.0.6&#8243; min_height=&#8221;1398px&#8221; custom_padding=&#8221;||2415px|||&#8221;][et_pb_row _builder_version=&#8221;4.0.6&#8243; background_size=&#8221;initial&#8221; background_position=&#8221;top_left&#8221; background_repeat=&#8221;repeat&#8221; max_width=&#8221;2292px&#8221; height=&#8221;864px&#8221; custom_padding=&#8221;0px||||false|false&#8221;][et_pb_column type=&#8221;4_4&#8243; _builder_version=&#8221;3.25&#8243; custom_padding=&#8221;|||&#8221; custom_padding__hover=&#8221;|||&#8221;][et_pb_code _builder_version=&#8221;4.0.6&#8243;]<iframe loading=\"lazy\" src=\"https:\/\/player.vimeo.com\/video\/328048753\" width=\"640\" height=\"360\" frameborder=\"0\" allow=\"autoplay; fullscreen\" allowfullscreen><\/iframe><!-- [et_pb_line_break_holder] --><\/p>\n<p><a href=\"https:\/\/vimeo.com\/328048753\">D&#039;s Heidi und sini Giele, le Clip<\/a> from <a href=\"https:\/\/vimeo.com\/user5906778\">Thomas Steiger<\/a> on <a href=\"https:\/\/vimeo.com\">Vimeo<\/a>.<\/p>\n<p>[\/et_pb_code][et_pb_text admin_label=&#8221;Text&#8221; _builder_version=&#8221;4.0.6&#8243; background_size=&#8221;initial&#8221; background_position=&#8221;top_left&#8221; background_repeat=&#8221;repeat&#8221; min_height=&#8221;139px&#8221; height=&#8221;830px&#8221; custom_margin=&#8221;||-123px|||&#8221; custom_padding=&#8221;||0px|0px||&#8221;]<\/p>\n<p style=\"text-align: left;\"><strong><\/strong><\/p>\n<p style=\"text-align: left;\"><strong><\/strong><\/p>\n<p style=\"text-align: left;\"><strong>D&#8217;s Heidi und sini Giele\u00a0(Heidi et ses Boys)<\/strong><\/p>\n<p style=\"text-align: left;\">spectacle musical. \u00a0Une rencontre entre Mani Matter et Georges Brassens entour\u00e9 d&#8217;histoires de Heidi Kipfer et de Hugo Loetscher<\/p>\n<div class=\"stacks_div stacks_right\">\n<div id=\"stacks_out_992_page27\" class=\"stacks_out\">\n<div id=\"stacks_in_992_page27\" class=\"stacks_in text_stack\">mise en sc\u00e8ne Dominique Bourquin \u00a0&#8211; \u00a0conception, chant, et jeu Heidi Kipfer \u00a0&#8211; \u00a0arrangements, guitares et chant Thomas Steiger \u00a0&#8211; \u00a0arrangements, trompettes, vents, chant et toutes sortes d\u2019autres choses Bill Holden \u00a0&#8211; \u00a0lumi\u00e8res Dominique Dardant \u00a0&#8211; \u00a0costumes Ir\u00e9ne Schlatter<br \/> Une production Compagnie Mezza Luna et Th\u00e9\u00e2tre pour le moment,\u00a0coproduction Centre de culture ABC<\/div>\n<\/div>\n<\/div>\n<p>&nbsp;<\/p>\n<div>\n<p>Je suis n\u00e9e dans un petit village vaudois, nous habitions une ferme de style bernois, construite en 1940 par mon grand-p\u00e8re et des artisans emmentalois. Sur les ondes de radio Sottens chantaient les Ondelines &#8220;Partout en Suisse on est heureux, c\u2019est le pays le plus merveilleux\u2026&#8221;. Chez nous, on parlait le b\u00e4rnd\u00fctsch, on aimait les chants patriotiques. Dans le village, on \u00e9tait \u00ab Les Bernois \u00bb, les descendants de ceux qui avaient occup\u00e9 le pays de Vaud durant deux si\u00e8cles et demi.<\/p>\n<p>A 6 ans, je commence l\u2019\u00e9cole, la langue fran\u00e7aise s\u2019impose.<\/p>\n<p>A 14 ans, je n\u2019aime pas mon pr\u00e9nom D\u2019s Heidi, je me fais appeler Eddie.<\/p>\n<p>A 15 ans, j\u2019entends pour la premi\u00e8re fois les chansons de Mani Matter.<\/p>\n<p>A 16 ans, je chante \u00e0 tue-t\u00eate Les oiseaux de passage de Georges Brassens \u00e0 cheval dans les marais camarguais.<\/p>\n<p>Vivre au galop, en r\u00e9volte contre le vieux monde.<\/p>\n<p>Le d\u00e9sir de renouer avec ma langue maternelle est \u00e0 l\u2019origine du projet:<\/p>\n<p>-revisiter les chansons de Mani Matter et de Georges Brassens qui ont accompagn\u00e9 mes jeunes ann\u00e9es. (Ces deux-l\u00e0 ne se sont sans doute jamais rencontr\u00e9s, il est peu probable que le grand Georges eut vent de l\u2019admiration que lui portait Mani le bernois.)<\/p>\n<p>-faire entendre avec facilit\u00e9 les tr\u00e9sors de ces deux univers apparemment \u00e9loign\u00e9s et en m\u00eame temps (et paradoxalement) apparemment proches.<\/p>\n<p>Jeux de mots et traits d\u2019esprit, Mani Matter abordait ses textes par l&#8217;ironie, l&#8217;absurde et la na\u00efvet\u00e9. Une allumette enflamm\u00e9e sur les bords de l&#8217;Aar tombe sur un malheureux tapis et c&#8217;est une nouvelle guerre mondiale\u2026<\/p>\n<p>Brusquement enlev\u00e9 \u00e0 la vie en 1972 \u00e0 l\u2019\u00e2ge de 36 ans, il est peu connu en Suisse romande, mais port\u00e9 aux nues outre-Sarine, inscrit au registre des traditions vivantes recens\u00e9es par la Conf\u00e9d\u00e9ration. Un spectacle en hommage \u00e0 ces deux grands po\u00e8tes.<\/p>\n<\/div>\n<p>&nbsp;<\/p>\n<p>&nbsp;<\/p>\n<p>&nbsp;<\/p>\n<div class=\"stacks_div stacks_right\">\n<div id=\"stacks_out_992_page27\" class=\"stacks_out\">\n<div><\/div>\n<div><\/div>\n<div class=\"stacks_in text_stack\">Le spectacle a d\u00e9j\u00e0 \u00e9t\u00e9 pr\u00e9sent\u00e9 \u00e0 l&#8217;ABC La Chaux-de-Fonds (cr\u00e9ation), Caf\u00e9 du Soleil Saignel\u00e9gier, CIP Tramelan, NMB Bienne, Festival Villars-sous-Yens, Espace Noir St.Imier,\u00a0Ch\u00e2teau de\u00a0Corcelles sur Chavornay,\u00a0Th\u00e9\u00e2tre du D\u00e9 Evionnaz,\u00a0La Tournelle Orbe<\/div>\n<\/div>\n<\/div>\n<p>&nbsp;<\/p>\n<p>&nbsp;<\/p>\n<p>&nbsp;<\/p>\n<p>[\/et_pb_text][et_pb_image src=&#8221;https:\/\/www.thomisteiger.ch\/wp-content\/uploads\/2019\/12\/Heidi-critique.jpg&#8221; force_fullwidth=&#8221;on&#8221; _builder_version=&#8221;4.0.6&#8243; min_height=&#8221;1749px&#8221; custom_padding=&#8221;41px|||||&#8221; border_width_all=&#8221;1px&#8221; box_shadow_style=&#8221;preset2&#8243;][\/et_pb_image][\/et_pb_column][\/et_pb_row][\/et_pb_section]<\/p>\n","protected":false},"excerpt":{"rendered":"<p>[et_pb_section fb_built=&#8221;1&#8243; _builder_version=&#8221;4.0.6&#8243; min_height=&#8221;1398px&#8221; custom_padding=&#8221;||2415px|||&#8221;][et_pb_row _builder_version=&#8221;4.0.6&#8243; background_size=&#8221;initial&#8221; background_position=&#8221;top_left&#8221; background_repeat=&#8221;repeat&#8221; max_width=&#8221;2292px&#8221; height=&#8221;864px&#8221; custom_padding=&#8221;0px||||false|false&#8221;][et_pb_column type=&#8221;4_4&#8243; _builder_version=&#8221;3.25&#8243; custom_padding=&#8221;|||&#8221; custom_padding__hover=&#8221;|||&#8221;][et_pb_code _builder_version=&#8221;4.0.6&#8243;] D&#039;s Heidi und sini Giele, le Clip from Thomas Steiger on Vimeo. [\/et_pb_code][et_pb_text admin_label=&#8221;Text&#8221; _builder_version=&#8221;4.0.6&#8243; background_size=&#8221;initial&#8221; background_position=&#8221;top_left&#8221; background_repeat=&#8221;repeat&#8221; min_height=&#8221;139px&#8221; height=&#8221;830px&#8221; custom_margin=&#8221;||-123px|||&#8221; custom_padding=&#8221;||0px|0px||&#8221;] D&#8217;s Heidi und sini Giele\u00a0(Heidi et ses Boys) spectacle musical. \u00a0Une rencontre entre Mani Matter et [&hellip;]<\/p>\n","protected":false},"author":1,"featured_media":0,"parent":0,"menu_order":0,"comment_status":"closed","ping_status":"closed","template":"","meta":{"_et_pb_use_builder":"on","_et_pb_old_content":"<p style=\"text-align: left;\"><strong>D's Heidi und sini Giele<\/strong>\u00a0: spectacle musical avec Heidi Kipfer et Bill Holden. Mise en sc\u00e8ne : Dominique Bourquin. \u00a0 \u00a0 \u00a0 \u00a0 \u00a0 \u00a0 \u00a0 \u00a0 \u00a0 \u00a0 \u00a0 \u00a0 \u00a0\u00a0Chansons de Mani Matter et Georges Brassens avec des histoires de Heidi Kipfer et de Hugo Loetscher<\/p><p>Le spectacle a d\u00e9j\u00e0 \u00e9t\u00e9 pr\u00e9sent\u00e9 \u00e0 l'ABC La Chaux-de-Fonds (cr\u00e9ation), Caf\u00e9 du Soleil Saignel\u00e9gier, CIP Tramelan, NMB Bienne, Festival Villars-sous-Yens, Espace Noir St.Imier,\u00a0Ch\u00e2teau de\u00a0Corcelles sur Chavornay,\u00a0Th\u00e9\u00e2tre du D\u00e9 Evionnaz,\u00a0La Tournelle Orbe<\/p><p>\u00a0<\/p><p><img class=\"size-full wp-image-1346 aligncenter\" src=\"https:\/\/www.thomisteiger.ch\/wp-content\/uploads\/2019\/12\/Heidi-critique.jpg\" alt=\"Critique\" width=\"1032\" height=\"1500\" \/><\/p>","_uag_custom_page_level_css":"","footnotes":""},"class_list":["post-1347","page","type-page","status-publish","hentry"],"uagb_featured_image_src":{"full":false,"thumbnail":false,"medium":false,"medium_large":false,"large":false,"1536x1536":false,"2048x2048":false,"et-pb-post-main-image":false,"et-pb-post-main-image-fullwidth":false,"et-pb-portfolio-image":false,"et-pb-portfolio-module-image":false,"et-pb-portfolio-image-single":false,"et-pb-gallery-module-image-portrait":false,"et-pb-post-main-image-fullwidth-large":false,"et-pb-image--responsive--desktop":false,"et-pb-image--responsive--tablet":false,"et-pb-image--responsive--phone":false},"uagb_author_info":{"display_name":"thomisteiger_admin","author_link":"https:\/\/www.thomisteiger.ch\/index.php\/author\/thomisteiger_admin\/"},"uagb_comment_info":0,"uagb_excerpt":"[et_pb_section fb_built=&#8221;1&#8243; _builder_version=&#8221;4.0.6&#8243; min_height=&#8221;1398px&#8221; custom_padding=&#8221;||2415px|||&#8221;][et_pb_row _builder_version=&#8221;4.0.6&#8243; background_size=&#8221;initial&#8221; background_position=&#8221;top_left&#8221; background_repeat=&#8221;repeat&#8221; max_width=&#8221;2292px&#8221; height=&#8221;864px&#8221; custom_padding=&#8221;0px||||false|false&#8221;][et_pb_column type=&#8221;4_4&#8243; _builder_version=&#8221;3.25&#8243; custom_padding=&#8221;|||&#8221; custom_padding__hover=&#8221;|||&#8221;][et_pb_code _builder_version=&#8221;4.0.6&#8243;] D&#039;s Heidi und sini Giele, le Clip from Thomas Steiger on Vimeo. [\/et_pb_code][et_pb_text admin_label=&#8221;Text&#8221; _builder_version=&#8221;4.0.6&#8243; background_size=&#8221;initial&#8221; background_position=&#8221;top_left&#8221; background_repeat=&#8221;repeat&#8221; min_height=&#8221;139px&#8221; height=&#8221;830px&#8221; custom_margin=&#8221;||-123px|||&#8221; custom_padding=&#8221;||0px|0px||&#8221;] D&#8217;s Heidi und sini Giele\u00a0(Heidi et ses Boys) spectacle musical. \u00a0Une rencontre entre Mani Matter et&hellip;","_links":{"self":[{"href":"https:\/\/www.thomisteiger.ch\/index.php\/wp-json\/wp\/v2\/pages\/1347","targetHints":{"allow":["GET"]}}],"collection":[{"href":"https:\/\/www.thomisteiger.ch\/index.php\/wp-json\/wp\/v2\/pages"}],"about":[{"href":"https:\/\/www.thomisteiger.ch\/index.php\/wp-json\/wp\/v2\/types\/page"}],"author":[{"embeddable":true,"href":"https:\/\/www.thomisteiger.ch\/index.php\/wp-json\/wp\/v2\/users\/1"}],"replies":[{"embeddable":true,"href":"https:\/\/www.thomisteiger.ch\/index.php\/wp-json\/wp\/v2\/comments?post=1347"}],"version-history":[{"count":27,"href":"https:\/\/www.thomisteiger.ch\/index.php\/wp-json\/wp\/v2\/pages\/1347\/revisions"}],"predecessor-version":[{"id":2529,"href":"https:\/\/www.thomisteiger.ch\/index.php\/wp-json\/wp\/v2\/pages\/1347\/revisions\/2529"}],"wp:attachment":[{"href":"https:\/\/www.thomisteiger.ch\/index.php\/wp-json\/wp\/v2\/media?parent=1347"}],"curies":[{"name":"wp","href":"https:\/\/api.w.org\/{rel}","templated":true}]}}